hundreds digit of m?
1
Let o be (-2)/((4/10)/(24/(-30))). Suppose -o*u + 24 = 4. Suppose u*w = -0*w + 505. What is the units digit of w?
1
Suppose 9*q - 12 = 6*q. Suppose -u - 262 = 2*y - 1270, -2016 = -q*y - 4*u. Suppose 0*a - y = -7*a. What is the tens digit of a?
7
Suppose 43 = 6*b - 65. Suppose b = -5*a + 18. Suppose 4*u - 111 - 445 = a. What is the tens digit of u?
3
Let b be 45/(-60) - (-7)/4. Let h(z) = 2*z**3 - z**2 + z - 1. Let x be h(b). What is the tens digit of (32/(-24))/(x/(-36))?
4
Suppose 0 = -5*m + o + 174, 144 = 4*m - 3*o + o. Suppose m = -2*h - 2*s, 2*h - 4*s - 26 = 3*h. What is the tens digit of (-21)/h + 83/2?
4
Let k = 36483 + -24292. What is the ten thousands digit of k?
1
Let t(p) = 1625*p - 11*p**2 - 1629*p - 5*p**2 - 30 + p**3. What is the hundreds digit of t(18)?
5
Let l(g) = 356*g + 17. Let h be l(4). Let w = -730 + h. What is the tens digit of w?
1
Let f = 27 - -1954. What is the thousands digit of f?
1
Suppose 22*j - 27*j - 420 = 0. Let x = j - -202. What is the tens digit of 7/(-7)*(-1)/2*x?
5
Suppose 0 = 2*h - 4, -5*h - 11 = -y. Suppose -g = -2*g + 63. Suppose i = y + g. What is the units digit of i?
4
Suppose -2289 = -5*o - 189. Suppose 3*t = 3*l - 749 + 98, 2*l + 5*t - o = 0. What is the units digit of l?
5
Suppose -16947 = -3*x - h, -9*x + 13*x + h = 22597. What is the hundreds digit of x?
6
Let g(y) = -102*y**3 + 3*y**2 + 19*y + 12. What is the hundreds digit of g(-5)?
7
Suppose 0 = 4*d + 2*c - 32340, 3*d - 48*c + 46*c = 24255. What is the hundreds digit of d?
0
Suppose 17*h - 19*h = -1388. Suppose -3*s = -2*b - h, 2*b - 294 - 182 = -2*s. What is the tens digit of s?
3
Let s = 45012 - 21866. What is the hundreds digit of s?
1
Suppose 112*q - 903925 = 57*q. What is the hundreds digit of q?
4
Let p be (46 + -50)/(2/(-1003)). Suppose -p = -2*v + 3*k, -k = -4*v - 1533 + 5555. What is the thousands digit of v?
1
Let h(x) = 23*x + 3. Let g be h(3). Suppose 3*s - 4*d + 285 = 791, 4*d - 190 = -s. Let v = s - g. What is the hundreds digit of v?
1
Let z(c) = 8*c**2 - 577*c + 4. What is the ten thousands digit of z(91)?
1
Suppose -u = -8*u + 49. Let p(l) = 7*l**2 - 17*l + 88. What is the tens digit of p(u)?
1
Suppose -19*x - 40 = -29*x. Suppose x*s = 5*k + 417, -2*s - 3*k = 2*s - 377. What is the tens digit of s?
9
Suppose -w = -4*v + 101310, -5*v + 55622 + 70996 = 2*w. What is the ten thousands digit of v?
2
Let x = -15460 - -37358. What is the tens digit of x?
9
Suppose 23509 = 3*p + 2*q, 11*p - 13*p + 15672 = 2*q. What is the thousands digit of p?
7
Let b(p) be the second derivative of -71*p**3/6 - 19*p**2/2 + 26*p. Let w be b(-3). Suppose w = 3*j - 58. What is the tens digit of j?
8
Suppose -a - 2 = -3*g, 4*a - 3*a = g. Let i(b) = 90*b - 10. What is the units digit of i(a)?
0
Let k be (-75)/21 + 0 - 6/14. Let u be (-40)/(4/(k + 2)). Suppose -u - 232 = -3*s. What is the units digit of s?
4
Let s = 32027 - 20889. What is the thousands digit of s?
1
Let w(i) = 2459*i + 3039. What is the ten thousands digit of w(5)?
1
Let m be ((-8)/6)/(24/(-4986)). Let h = -53 + m. What is the tens digit of h?
2
Suppose 26*h + 322 = 25*h. Let f = -38 - h. What is the hundreds digit of f?
2
Suppose 0 = 14*c - 320793 - 685639. What is the ten thousands digit of c?
7
Let d(i) = -4*i + 29. Let k be d(7). Let o be (-2*5/(-20))/(k/12). Suppose -o*l = -10 - 56. What is the units digit of l?
1
Suppose 2973*y - 2970*y - g - 38516 = 0, -g = -1. What is the ten thousands digit of y?
1
Let z = 22315 - 13337. What is the thousands digit of z?
8
Let i(u) = -1851*u - 822. What is the tens digit of i(-24)?
0
Let v = 41 - 36. Suppose 58 = x - v*k, 2*x - 30 = -5*k + 41. Suppose -x = -a - 2*r + 25, 3*a = -2*r + 220. What is the units digit of a?
6
Suppose 52*y - 47*y = -160. Let g = y - -93. Suppose 0 = 56*i - g*i + 285. What is the tens digit of i?
5
Let x = 46203 + -19223. What is the thousands digit of x?
6
Suppose -5*t - 63 = -4*s, 0 = 5*s - s - 4*t - 64. Suppose -6731 = s*c - 30939. What is the hundreds digit of c?
4
Let x be ((-4)/4)/((-5)/2665). Let v = x + -290. What is the tens digit of v?
4
Let t(v) = -v**2 - 15*v - 33. Let j be t(-9). Suppose -1421 = -j*i + 8029. What is the hundreds digit of i?
4
Suppose 50 = 2*n - 4*n. Let y = -1639 + 1676. Let z = n + y. What is the tens digit of z?
1
Let n(v) be the first derivative of -v**4/4 - 17*v**3/3 - 4*v**2 + 14*v + 4. Let o be n(-16). What is the units digit of (o/8)/(-3) + 12/(-16)?
4
Let x = 35 + -33. Suppose -s = 3*m - 15, 5*m - 36 = -x*s - 10. Suppose -356 = -y - s*y. What is the tens digit of y?
8
What is the units digit of 15/9 - 3 - (-136590)/18?
7
Suppose -3*x - 12396 = 3*g, 4*x = -2*g + 4*g + 8264. Let p be 2/3 + g/(-12). Suppose 4*f - p = 5*y, 4*f + 6*y - 372 = 2*y. What is the tens digit of f?
9
Suppose -c - 350 + 1065 = 0. Let r = c - 520. What is the tens digit of r?
9
Suppose -10*a + 4*a = -372. Suppose 5 = 63*i - a*i. Suppose 0 = -2*o + 2*f + 124 + 292, i*f - 10 = 0. What is the hundreds digit of o?
2
Let w = -185 - 501. Let a = w + 994. What is the tens digit of a?
0
Suppose -w - 45 = u - 2*u, 0 = 4*u - 2*w - 172. Suppose -131 + u = 5*a. What is the tens digit of (-1382)/a - -1*2/9?
7
Let a = 1184 - -501. Suppose 2*o - 589 - 1094 = 5*c, -2*o + 3*c + a = 0. What is the tens digit of o?
4
Suppose -35 = 8*n - 3*n. Let s(q) = -q**2 + 56. What is the units digit of s(n)?
7
Let o(g) = 12*g + 315. Let b be o(-26). Suppose -20*s + 18*s = -5*d + 5107, d + b*s = 1018. What is the units digit of d?
1
Suppose 4*k = 5*i - 3, -38*i = -5*k - 42*i + 27. What is the tens digit of 14*363/18*k?
4
Let k be (-4)/18 - (-659)/9. Let l = k + -8. Suppose -5*o = -6*v + 5*v - 79, v = -4*o + l. What is the units digit of o?
6
Let y = 28187 - -800. What is the tens digit of y?
8
Suppose -3*y = 2*m - m - 4, 0 = -3*y + 2*m + 10. Suppose -j - y*j + 21 = 0. What is the tens digit of (10 - j)*(0 - 19/(-3))?
1
Suppose 0 = -2*f + f - 109. Let r be (-12)/8 + (-18167)/(-74). Let v = f + r. What is the units digit of v?
5
Let v(x) = 899*x**2 - 974*x - 13. What is the tens digit of v(-6)?
9
Let k(z) be the second derivative of z**4/12 + 17*z**3/6 + 22*z**2 - 4600*z. Suppose 17 + 1 = -s. What is the units digit of k(s)?
2
Suppose 3*x - 19 + 7 = 0. Suppose -4*h - 282 = 2*q, 2*h + 3*h + x*q = -351. Let u = 52 - h. What is the tens digit of u?
2
Suppose 421 + 811 = d. Suppose -5*g + 1223 = -4*k, -5*g + d = -0*g - k. What is the units digit of g?
7
Suppose -11*o = -30*o + 8531. Let h = o - 240. What is the hundreds digit of h?
2
Let y = -152 - -164. Let q(l) be the first derivative of l**2/2 + 20*l + 1. What is the units digit of q(y)?
2
Suppose 7*v - 76 = 29. Suppose v*d = 3*d + 6384. What is the hundreds digit of d?
5
Let b(g) = g**3 + 11*g**2 - 7*g + 9. Let w = -71 - -60. Let u be b(w). Suppose -4*n - 4*c = -184, u = -0*n + 2*n - c. What is the tens digit of n?
4
Let i be (-4)/(-6) - 40/45*138. Let z be (i/6 - 6/9) + 1. Let f = z + 35. What is the units digit of f?
5
Suppose -30684 = -11*r - r. Let u = r + -1662. What is the hundreds digit of u?
8
Suppose 381*l - 379*l = 12. Suppose -3192 = -l*z + 462. What is the tens digit of z?
0
Let d be ((-1112)/20)/(-1 + (-16)/(-20)). Let h = 85 + d. What is the hundreds digit of h?
3
Let n(m) = -m**2 + 14*m - 21. Let z be n(2). Suppose -8*x + 13*x = i - 1119, i = z*x + 1125. What is the hundreds digit of i?
1
Suppose -3*n - 33 = -39. Suppose 5*m - 1339 = -n*d + 6*d, 2 = -2*d. What is the hundreds digit of m?
2
Let g be ((-4)/3)/(36/54). Let f be (32/12 + g)/((-1)/(-369)). Suppose 2*z + 4*k - 2*k = f, 2*z + k - 245 = 0. What is the units digit of z?
2
What is the units digit of (101055/(-60) + 1)*-4?
3
Let q(s) = 75*s**2 - 16*s - 38. Let z be q(-2). Suppose -z = 106*f - 109*f. What is the units digit of f?
8
Suppose 2899*c = 2884*c + 166410. What is the hundreds digit of c?
0
What is the hundreds digit of -4*10476/(-48) + -10?
8
What is the thousands digit of 11825/(-110)*(-1 + 289/(-5))?
6
Let i be (-10*3/(-2) - 0) + -1. Let q = -11 + i. Suppose -u + q*b + 73 = -46, -u + 79 = 5*b. What is the hundreds digit of u?
1
Suppose -z + 168 - 165 = 0. Suppose -5*g - 4*n + 2979 = 0, g - z*g - 4*n + 1194 = 0. What is the tens digit of g?
9
Let a(w) = 3*w**2 + 15*w + 13. Let x be a(-7). Su